813 and 7181.
7181
What is the greatest common divisor of 296418332 and 392?
28
Calculate the greatest common divisor of 1405 and 15005.
5
Calculate the highest common factor of 128079099 and 534.
267
Calculate the greatest common factor of 16919945 and 2205.
245
What is the highest common factor of 36 and 266038212?
12
Calculate the greatest common divisor of 287673344 and 2048.
1024
Calculate the greatest common divisor of 13596 and 193466548.
4532
Calculate the highest common factor of 181044 and 4544932.
428
Calculate the highest common divisor of 5790 and 92059070.
1930
What is the highest common factor of 32741 and 6177?
29
Calculate the highest common factor of 26797 and 313335.
211
Calculate the highest common divisor of 63738977 and 19.
19
Calculate the highest common divisor of 1125146 and 2570.
514
What is the highest common divisor of 4446 and 2093382?
342
Calculate the greatest common factor of 6072 and 4439.
23
Calculate the highest common divisor of 4949 and 1441573.
707
Calculate the greatest common divisor of 2321 and 389125.
11
Calculate the greatest common divisor of 195065009 and 347.
347
What is the greatest common divisor of 1045704 and 2376?
264
What is the greatest common divisor of 6966 and 27086130?
2322
Calculate the greatest common divisor of 22 and 14593007.
11
What is the greatest common divisor of 53289 and 3158559?
279
What is the greatest common factor of 33 and 23553618?
33
What is the greatest common factor of 525 and 20505?
15
What is the highest common factor of 3718 and 786511?
11
What is the highest common divisor of 219633935 and 10?
5
What is the greatest common divisor of 29169 and 12411?
63
Calculate the highest common divisor of 241331 and 33197.
373
What is the greatest common divisor of 5889349 and 248?
31
What is the greatest common factor of 1036134 and 21582?
198
What is the greatest common factor of 82840 and 27359545?
545
Calculate the highest common divisor of 65 and 143150748.
13
Calculate the highest common factor of 9633 and 3533088.
741
Calculate the greatest common factor of 6633703 and 18299.
631
What is the greatest common factor of 1617 and 2198581?
539
Calculate the greatest common divisor of 37094280 and 4700.
940
What is the highest common divisor of 11596 and 236964?
52
Calculate the highest common divisor of 5026 and 374276168.
5026
Calculate the highest common factor of 518 and 201792154.
74
Calculate the greatest common factor of 3725 and 44315878.
149
Calculate the greatest common divisor of 453880 and 3220.
140
Calculate the greatest common factor of 594964527 and 657.
219
What is the greatest common factor of 18547049 and 911?
911
What is the highest common factor of 344539 and 104?
13
What is the highest common factor of 133815 and 488730?
165
Calculate the highest common divisor of 6864 and 754512.
528
Calculate the greatest common divisor of 14941 and 4355.
67
Calculate the highest common divisor of 8608518 and 116154.
486
Calculate the greatest common factor of 2989640 and 5611.
31
What is the greatest common factor of 56 and 9661414?
14
Calculate the greatest common factor of 243659159 and 983.
983
What is the highest common divisor of 80935426 and 208?
26
What is the greatest common divisor of 51597 and 1067391?
351
What is the highest common factor of 6 and 3447942?
6
What is the greatest common factor of 719 and 127344247?
719
Calculate the highest common divisor of 3405 and 5221681.
227
Calculate the highest common factor of 512219 and 11124.
103
Calculate the greatest common factor of 9 and 17495733.
3
What is the highest common divisor of 12131918 and 53846?
4142
What is the highest common factor of 1199449293 and 42?
21
What is the greatest common divisor of 1 and 18802439?
1
What is the highest common factor of 118 and 1315540051?
59
What is the highest common factor of 1014544 and 64?
16
Calculate the greatest common divisor of 2312 and 102079424.
2312
What is the greatest common divisor of 15501 and 8754?
3
Calculate the highest common divisor of 75802056 and 18.
6
Calculate the greatest common divisor of 17783498 and 2362.
2362
What is the greatest common factor of 1749 and 349840227?
1749
Calculate the highest common divisor of 37277096 and 8.
8
What is the highest common divisor of 223871 and 152784?
1061
What is the greatest common divisor of 37403833 and 5515?
1103
What is the greatest common factor of 1523862 and 278?
2
Calculate the greatest common divisor of 5266449 and 444.
3
What is the highest common factor of 35730587 and 2?
1
Calculate the highest common divisor of 7190 and 717042882.
1438
What is the greatest common factor of 52311822 and 135966?
4386
Calculate the highest common divisor of 10725759 and 66.
33
Calculate the highest common factor of 90055 and 119.
7
What is the highest common factor of 111575176 and 86606?
6662
What is the highest common factor of 2569389090 and 30?
30
What is the greatest common divisor of 9140736 and 2068?
44
What is the greatest common divisor of 2679 and 1042272?
141
Calculate the greatest common divisor of 21773872 and 6392.
136
What is the highest common factor of 52326 and 8226?
18
What is the highest common factor of 14 and 31600524?
2
What is the highest common divisor of 171105571 and 13013?
1183
What is the highest common factor of 57915 and 1201915?
715
What is the highest common divisor of 2936 and 242585532?
1468
What is the greatest common factor of 1122629 and 391?
17
What is the highest common divisor of 2845687 and 6396?
533
What is the greatest common divisor of 9646 and 6627173?
371
What is the greatest common divisor of 338911 and 227908?
227
What is the greatest common divisor of 18263 and 12134459?
2609
Calculate the greatest common factor of 1083444 and 9312.
12
Calculate the greatest common factor of 3420520 and 24.
8
Calculate the greatest common divisor of 480 and 2415040.
160
Calculate the greatest common factor of 3552 and 2018128.
592
Calculate the greatest common factor of 44460 and 135204.
228
Calculate the greatest common factor of 27 and 107031.
3
Calculate the greatest common divisor of 4518241 and 24739.
2249
What is the highest common factor of 70281 and 47054979?
3699
Calculate the highest common factor of 7418640 and 640.
80
Calculate the highest common divisor of 912 and 94187940.
228
Calculate the greatest common factor of 10832 and 1216.
16
Calculate the greatest common factor of 399 and 2575013.
133
What is the highest common divisor of 2808 and 63779508?
1404
Calculate the highest common factor of 24475988 and 9248.
1156
Calculate the greatest common factor of 588296 and 1466512.
1208
What is the greatest common factor of 484 and 151628?
4
Calculate the highest common factor of 3139 and 816155695.
3139
What is the greatest common factor of 20885839 and 39?
13
Calculate the highest common divisor of 1170 and 7908840.
90
What is the highest common divisor of 2618 and 446544?
14
Calculate the greatest common divisor of 250510269 and 57.
57
Calculate the greatest common divisor of 14791557 and 93.
93
Calculate the greatest common divisor of 1207400 and 15.
5
Calculate the greatest common divisor of 2028 and 35632974.
1014
Calculate the greatest common divisor of 25 and 2358756.
1
What is the greatest common factor of 36 and 18022112?
4
Calculate the highest common divisor of 133 and 96432809.
19
What is the greatest common factor of 36628893 and 189?
63
Calculate the greatest common divisor of 792 and 143119944.
792
What is the highest common divisor of 2032953 and 1404?
39
Calculate the greatest common divisor of 9015 and 51600.
15
What is the greatest common factor of 29610 and 5228370?
630
What is the greatest common divisor of 10061088 and 4224?
96
What is the highest common divisor of 31214265 and 10227?
1461
Calculate the highest common factor of 100397759 and 154.
77
What is the greatest common divisor of 663 and 89629423?
221
What is the greatest common factor of 25289891 and 60203?
4631
Calculate the greatest common divisor of 80882 and 4636506.
2186
What is the highest common factor of 38937927 and 21?
21
Calculate the greatest common divisor of 8830264 and 10840.
2168
What is the highest common factor of 197330749 and 154?
77
What is the highest common factor